 composite number?
True
Is 75799397 prime?
False
Is 767699 a prime number?
False
Is 8616679 composite?
False
Is 1230031 a composite number?
True
Is 131801567 composite?
False
Is 11175539 prime?
False
Is 35824849 a composite number?
True
Is 61644299 prime?
True
Is 49703167 a prime number?
True
Is 126908567 a prime number?
True
Is 9486003 a composite number?
True
Is 39606761 a composite number?
True
Is 208228451 composite?
False
Is 22728749 a prime number?
False
Is 2960449 a prime number?
True
Is 5308519 a prime number?
False
Is 36545071 composite?
False
Is 12515719 prime?
False
Is 214138081 composite?
True
Is 46642019 a prime number?
True
Is 1210217 a prime number?
False
Is 2486455 a prime number?
False
Is 3233423 a composite number?
True
Is 2702124631 composite?
False
Is 144001379 prime?
True
Is 70880057 prime?
True
Is 20136797 a composite number?
True
Is 4068871 a prime number?
True
Is 874537 a composite number?
False
Is 13986109 a composite number?
True
Is 100021 a composite number?
True
Is 486433 prime?
True
Is 23390291 prime?
True
Is 5434249 composite?
True
Is 216156019 a prime number?
False
Is 59581 a composite number?
False
Is 3476783 a prime number?
True
Is 12941597 a composite number?
False
Is 4000439 prime?
True
Is 6053681 a composite number?
True
Is 611089 a composite number?
True
Is 87784519 composite?
True
Is 7017389 a composite number?
False
Is 1631891 composite?
True
Is 32528537 a composite number?
False
Is 21399401 prime?
True
Is 20990207 a composite number?
True
Is 3742251 a prime number?
False
Is 1158508805 a composite number?
True
Is 164149959 prime?
False
Is 4135161 prime?
False
Is 253751 a prime number?
True
Is 7300849 prime?
False
Is 1893757 prime?
True
Is 4571359 a prime number?
False
Is 967025509 prime?
True
Is 2354873 composite?
False
Is 16248647 composite?
False
Is 2784801 composite?
True
Is 601620857 prime?
False
Is 448901 prime?
False
Is 5330219 prime?
True
Is 18523847 a prime number?
True
Is 38107811 a composite number?
True
Is 3970037 composite?
True
Is 3437755 a prime number?
False
Is 115889743 composite?
False
Is 344775239 prime?
True
Is 12118651 a prime number?
True
Is 8577631 a composite number?
False
Is 154981 a prime number?
True
Is 2735501 a prime number?
True
Is 89163563 a prime number?
True
Is 67252259 composite?
True
Is 139451577 a prime number?
False
Is 105658279 a composite number?
True
Is 16511593 composite?
True
Is 4831683 prime?
False
Is 132460541 prime?
False
Is 5528581 prime?
True
Is 131687339 composite?
True
Is 65433311 composite?
False
Is 1264243317 composite?
True
Is 9052091 a prime number?
False
Is 7663871 composite?
False
Is 70924039 composite?
True
Is 241068783 prime?
False
Is 1100719 composite?
True
Is 5123513 prime?
False
Is 334337137 composite?
False
Is 36277447 prime?
True
Is 799617635 a composite number?
True
Is 2747203 a prime number?
False
Is 1784929 a composite number?
False
Is 835994 a composite number?
True
Is 301492397 a prime number?
True
Is 28954873 a composite number?
False
Is 54926279 a prime number?
True
Is 1777859 a prime number?
True
Is 4630519 a composite number?
False
Is 30870607 a composite number?
True
Is 11472217 a prime number?
True
Is 2481797 prime?
True
Is 25066361 a composite number?
False
Is 538939613 a prime number?
False
Is 466517 composite?
False
Is 2989711 a composite number?
True
Is 371648261 a composite number?
False
Is 18829103 a composite number?
False
Is 34970339 composite?
True
Is 12541183 prime?
True
Is 18826135 prime?
False
Is 865087 prime?
True
Is 6441343 a composite number?
False
Is 1283549 composite?
False
Is 10895413 a prime number?
True
Is 3819499 a composite number?
True
Is 166373 composite?
True
Is 3928593 a prime number?
False
Is 9086957 prime?
False
Is 1564741 prime?
True
Is 7086449 a composite number?
True
Is 500729431 a composite number?
False
Is 3773669 composite?
True
Is 15082069 composite?
True
Is 134444927 composite?
False
Is 438571 prime?
False
Is 107399 composite?
True
Is 46253131 prime?
False
Is 512355629 composite?
False
Is 65136901 a prime number?
True
Is 134669 composite?
False
Is 70050941 composite?
False
Is 144961303 composite?
False
Is 63078779 a prime number?
True
Is 9733 composite?
False
Is 4431259 composite?
True
Is 38077189 composite?
False
Is 1852757 a prime number?
False
Is 11918047 prime?
False
Is 1491293 a composite number?
True
Is 443932585 prime?
False
Is 10060931 prime?
False
Is 10041065 prime?
False
Is 128185157 composite?
False
Is 3109607 prime?
True
Is 233582429 composite?
False
Is 114859477 a composite number?
False
Is 45739633 a prime number?
False
Is 3786523 a composite number?
True
Is 9239071 a prime number?
True
Is 120272759 a prime number?
False
Is 1357649 prime?
False
Is 5732101 prime?
False
Is 34459889 composite?
True
Is 361287377 prime?
False
Is 1126577 prime?
True
Is 1888906 composite?
True
Is 274207967 composite?
True
Is 3126154 a composite number?
True
Is 2873099 composite?
False
Is 3383353 a composite number?
True
Is 168631195 a prime number?
False
Is 48487573 composite?
False
Is 4581469 a prime number?
True
Is 4285051 composite?
True
Is 130093291 prime?
False
Is 8162699 a prime number?
True
Is 2153629657 a composite number?
False
Is 31792109 prime?
False
Is 31535873 prime?
False
Is 75027517 a composite number?
False
Is 1053438941 composite?
False
Is 88938091 composite?
True
Is 24188063 composite?
True
Is 184595209 a composite number?
False
Is 11913857 prime?
True
Is 76619 a prime number?
False
Is 159178 composite?
True
Is 7727263 a prime number?
False
Is 11827471 a prime number?
False
Is 44228945 prime?
False
Is 19376845 a prime number?
False
Is 45123349 composite?
False
Is 6389247 a composite number?
True
Is 89089277 a prime number?
True
Is 735750593 prime?
True
Is 173511703 composite?
False
Is 45945413 prime?
True
Is 10602311 a composite number?
True
Is 360670741 composite?
True
Is 1551371 a prime number?
True
Is 361273 a prime number?
False
Is 3541051 a prime number?
True
Is 99555179 prime?
False
Is 10399331 a prime number?
False
Is 111568729 composite?
False
Is 8450359 a composite number?
True
Is 14770307 composite?
False
Is 199259579 a prime number?
False
Is 295602277 a prime number?
True
Is 3843821 composite?
True
Is 128522585 prime?
False
Is 482981 prime?
False
Is 3371297 a composite number?
False
Is 44224393 prime?
True
Is 9910829 prime?
True
Is 332571529 a composite number?
False
Is 270204127 a composite number?
False
Is 1972265 a composite number?
True
Is 54463033 composite?
True
Is 981809 prime?
True
Is 10821115 a prime number?
False
Is 178776949 a composite number?
True
Is 2734549 prime?
True
Is 149556007 composite?
True
Is 2268481 composite?
False
Is 112328949 a composite number?
True
Is 13238429 a prime number?
False
Is 233074447 a prime number?
True
Is 25965703 composite?
True
Is 194539981 a prime number?
True
Is 15519241 a composite number?
False
Is 343758683 composite?
True
Is 31435031 prime?
True
Is 1217451 a prime number?
False
Is 878473 composite?
True
Is 26288677 a prime number?
False
Is 10940641 prime?
False
Is 1292249 composite?
True
Is 665957 composite?
True
Is 249322949 a composite number?
False
Is 128141 prime?
False
Is 9823021 prime?
False
Is 6726743 composite?
True
Is 8082159 prime?
False
Is 507313223 prime?
True
Is 70050121 composite?
False
Is 497001 a prime number?
False
Is 16863161 prime?
False
Is 5187685 a prime number?
False
Is 237737 a composite number?
False
Is 2527886 a composite number?
True
Is 6304969 a composite number?
True
Is 13818503 a prime number?
True
Is 11205959 a composite number?
False
Is 117365111 prime?
True
Is 69350987 a prime number?
False
Is 615137 a composite number?
False
Is 37499993 prime?
True
Is 1118424311 a composite number?
True
Is 4564801 a prime number?
False
Is 166435627 composite?
True
Is 5084705 a prime number?
False
Is 306821 a prime number?
True
Is 4023871 a composite number?
False
Is 685344551 a prime number?
True
Is 34659331 composite?
True
Is 1692293 prime?
True
Is 4091161 a composite number?
False
Is 47436667 a composite number?
False
Is 1192111 a composite number?
True
Is 54395821 a prime number?
False
Is 795598 composite?
True
Is 339523139 composite?
False
Is 4846181 prime?
True
Is 27373309 a prime number?
True
Is 607573 comp